 h.
19
Suppose 2*y - 266 = -3*v + 106, -v + 107 = -5*y. Suppose -15 + 4 = i - 5*g, -3*i + 4*g - 88 = 0. List the prime factors of 9/i - v/(-8).
3, 5
Suppose 2*r = -h - 0*h + 373, -2*h + 743 = 5*r. List the prime factors of h.
379
Let d(f) = -f**3 + 28*f**2 - 12*f - 14. List the prime factors of d(27).
17, 23
Suppose -4*d + 36 = 8. Suppose d*c - 307 = 204. What are the prime factors of c?
73
Let l(x) = -4*x + 23. Let w be l(10). Let m = -22 - w. List the prime factors of m*(51/(-15) - 2).
3
Suppose -3*d + 0*f - 2*f = -72, -3*f = 9. Suppose -d = -p - 2*x, 3*p + 2*x - 83 = x. List the prime factors of p.
2, 7
Let k(w) = -w**3 + 12*w**2 + 4. Let r be k(12). Suppose -2*j + 376 = r*x, 0*j - 388 = -4*x + j. What are the prime factors of x?
2, 3
Let w(m) = 24*m**2 + 2*m - 1. Let b be (-1 - 0)/((-3)/21). Suppose 5*s - b*s + 2 = 0. List the prime factors of w(s).
5
Suppose 0*v - 2*v = 2. Let x(p) = 33*p + 1. Let d be x(-1). Let h = v - d. What are the prime factors of h?
31
Let y = 7476 - 4693. What are the prime factors of y?
11, 23
What are the prime factors of ((-22)/33)/(6/(-12123))?
3, 449
Suppose -2*c + 4*c = h + 123, -4*h = 2*c + 532. Let s be 32/20*490/4. Let y = h + s. List the prime factors of y.
5, 13
Suppose -8588 = -d - 18*d. What are the prime factors of d?
2, 113
Suppose 154 = 3*d - d - 5*z, -4*d = 3*z - 360. Let i = d - -218. What are the prime factors of i?
5, 61
Let k(u) = -2*u**3 - u**2 - 10*u - 18. List the prime factors of k(-3).
3, 19
Let u(k) = k - 1. Let q(d) = 1. Let b(n) = -3*q(n) + u(n). Let y be b(7). Suppose 4*i + 20 = 0, -y*t + 59 = 5*i + 12. List the prime factors of t.
2, 3
Let w(b) be the first derivative of b**6/360 + b**5/24 - 5*b**4/24 - b**3 + 11. Let q(k) be the third derivative of w(k). List the prime factors of q(-7).
3
Let a(w) = -21*w - 126. Let j(f) = 6*f + 36. Let i(c) = -5*a(c) - 18*j(c). List the prime factors of i(-12).
2, 3
Let p = -860 - -2947. List the prime factors of p.
2087
Let l be 2 + 2 + (-5 - -4). Let d(z) = 4*z**2 + 2*z + 2. Let u be d(-1). Let y = u + l. List the prime factors of y.
7
Let x(o) = -4*o - 5. Let p be x(-2). Suppose -p*f + 5*y = -6 - 14, -12 = 3*y. Suppose f = 4*m - 4*q - 20, -4*m - q + 10 = -0*m. List the prime factors of m.
3
Let a(l) be the first derivative of 5*l**4/24 + 7*l**3/6 - 3*l**2/2 - 6. Let d(y) be the second derivative of a(y). What are the prime factors of d(5)?
2
Suppose -3*l - 26*n + 688 = -22*n, 3*l - 4*n - 680 = 0. List the prime factors of l.
2, 3, 19
Let c(s) = 133*s**2 + s - 2. What are the prime factors of c(-1)?
2, 5, 13
Suppose -3*n = -0*n + 3*u - 18, 5*n = u + 48. List the prime factors of 249 - (n/6)/(5/(-10)).
2, 3, 7
Let w = 2 + -4. Let l(b) = -29*b - 2. Let n be l(w). List the prime factors of 3/(6/n) - 3.
5
Suppose 5*d + g = -2144, -3*d + 3*g = -d + 844. List the prime factors of (d/(-3))/((-40)/12 + 4).
2, 107
Suppose 52*n = 51*n + 687. List the prime factors of n.
3, 229
Let l(t) = t**2 + t + 230. What are the prime factors of l(41)?
2, 61
Suppose -6*v = -857 - 91. Suppose -2*t + 4*r = -v, 2 = 5*r - 3. What are the prime factors of t?
3
Let f(k) = -11*k + 51. Let h be f(7). Let o = 100 - h. List the prime factors of o.
2, 3, 7
Suppose 0 = 2*j + 2*s - 108, 42 = j + 2*s - 7*s. What are the prime factors of 6560/j - 12/78?
2, 3, 7
What are the prime factors of ((-186)/279)/(1/(-372))?
2, 31
Let m be 3 - (4 + (-20)/5 + -14). Let x = -16 - -49. Let q = m + x. List the prime factors of q.
2, 5
List the prime factors of (((-250)/(-6))/25)/(2/2814).
5, 7, 67
Let z = 775 - -272. What are the prime factors of z?
3, 349
List the prime factors of 12612/10 - (-40)/(-200).
13, 97
Let y be 120/(-18)*(-24)/5. Let u = y + -13. Suppose -62 = -3*j + u. List the prime factors of j.
3
Suppose 1460 = 9*f + 11*f. What are the prime factors of f?
73
Let f(j) = j - 2. Let c be f(4). Suppose -c*y = -10 - 0. Suppose 2*g - y*t + 22 = 3*g, -4*t = g - 20. What are the prime factors of g?
2, 3
Suppose -3*o = -0*o + 2*z + 99, 3 = -z. Let s(a) = -a**3 - 31*a**2 - 8*a + 3. List the prime factors of s(o).
251
Let t(p) = -2*p - 16. Let r be t(-9). Suppose -q - m - 37 = m, -4*q - 128 = -r*m. Let c = 8 - q. List the prime factors of c.
41
Let x(o) = -o + 4. Let j(h) = -h**2 + 8*h. Let i be j(8). Let p be x(i). Suppose -3*f - p*s + 48 + 6 = 0, 0 = -4*f - 2*s + 72. List the prime factors of f.
2, 3
Let n(l) = -13 + 3*l + l**3 + 12 + 10 + 14. What are the prime factors of n(0)?
23
Let t(g) = 35*g**2 - 3*g - 1. Let a = 61 - 59. List the prime factors of t(a).
7, 19
Suppose 5*n + 7*x - 2*x = 2395, -3*x = -3*n + 1437. List the prime factors of n.
479
List the prime factors of -1*(-4 + -167)/3.
3, 19
Let k(x) = -9*x - 9 - 4*x - 4 - 10. What are the prime factors of k(-7)?
2, 17
Let z(n) = 2*n**3 + 41*n**2 - 19*n - 101. What are the prime factors of z(-20)?
7, 97
Suppose 14*c + 5423 = 25*c. What are the prime factors of c?
17, 29
Let g(m) = 23*m**3 - 12*m**2 + 71*m + 3. What are the prime factors of g(6)?
3, 5, 331
Let g = 839 + -176. What are the prime factors of g?
3, 13, 17
Let s(a) = -a**3 - 2*a**2 - 6*a + 2. What are the prime factors of s(-5)?
107
List the prime factors of (-430)/(-10)*5 - 0/1.
5, 43
Suppose v = -3, -2*v + 90 = 3*i - 6*v. Let b = -28 + i. What are the prime factors of b*(1 + 1) - -37?
3, 11
Let m = -7699 + 11536. What are the prime factors of m?
3, 1279
Suppose -1579*h + 1586*h = 1932. List the prime factors of h.
2, 3, 23
Let w(g) = 46*g - 4. Let n(y) = -15*y + 1. Let i(q) = 7*n(q) + 2*w(q). Let c be i(5). List the prime factors of 12/(-48) - c/8.
2
Let n = -7 + -2. List the prime factors of (-606)/n - (-3)/(-9).
67
Suppose -3 - 17 = -5*d. Let k be 11/(-3) - d/12. Let j(r) = -8*r + 1. What are the prime factors of j(k)?
3, 11
Let w(j) = 8*j**2 + 13*j + 30. List the prime factors of w(-9).
3, 11, 17
Let d(l) be the third derivative of -l**5/60 + 13*l**4/24 + 2*l**3 - 5*l**2. Let m be d(14). What are the prime factors of ((-244)/m)/(0 - -2)?
61
Suppose 3*w - 5 = 43. Let t be ((-6)/(-8))/(4/w). Suppose -5*h + 34 = s - 43, t*s - 176 = -4*h. List the prime factors of s.
2, 13
Let o(f) = -3*f**2 + 36*f - 51. Let q be o(10). Let c(g) = -8*g - 3. Let z be c(-4). Let w = z - q. List the prime factors of w.
2, 5
Suppose 5*o + 22 = -4*k, -32 = -k + 4*k - 4*o. Let i be ((-16)/k)/((-4)/(-6)). Suppose -4*j + i = -3*m, -6 = -3*j - 0*j + m. What are the prime factors of j?
3
Suppose 3*u - 43 = -4*z, 0 = -0*u + 3*u + z - 31. Suppose 0*s = -f + s + 3, 3*s = -u. Suppose 4*p - 78 = -2*i, i - 33 = 4*p - f*p. List the prime factors of i.
37
Let k be 19/(-76) + 11/(-4). What are the prime factors of (k/(-9))/(4/156)?
13
Suppose 5*h - 3*r - 15 = 0, 2*h - h + 5*r + 25 = 0. Suppose -x + 0*x + 111 = h. Let a = -45 + x. List the prime factors of a.
2, 3, 11
Let h(w) = w**2. Let i be h(-1). Suppose -5*j = 0, -2*j - 11 = 3*f + i. List the prime factors of ((-34)/f)/(5/10).
17
Let c = 1 - -4. Suppose c*r - 2*r - 165 = 0. Suppose -5*t + 70 = -r. List the prime factors of t.
5
Let h(i) = i**2 - 4*i - 8. Let s be h(9). Suppose 5*a - 282 = -s. List the prime factors of a.
7
Let o(y) = 35*y**2 + 2*y - 59. What are the prime factors of o(-7)?
2, 821
Let v(k) = k**2 + 11*k + 14. Let o be v(-10). Let b be (7/o)/((-3)/(-24)). Let j = 25 - b. What are the prime factors of j?
11
Let c = 36 - 33. Let n(s) = -4*s**2 - s**c + 6 - 16 + s + 7. List the prime factors of n(-5).
17
Suppose -2*q = -33 + 7. Suppose -q - 17 = -5*i. List the prime factors of i.
2, 3
Suppose 0 = b + 4*u - 7, 0 = -2*b + 5*b - 2*u + 21. Let d(x) = 5*x - 12. Let l(f) = f. Let c(a) = -d(a) + 4*l(a). What are the prime factors of c(b)?
17
Let d be ((-40)/(-12))/((-4)/(-42)). Let g = -21 + d. What are the prime factors of g?
2, 7
Let r be 183/1 + -2 + -1. Let d = r + -42. What are the prime factors of d?
2, 3, 23
Let q = -204 - -537. What are the prime factors of q?
3, 37
Let o(y) = 12*y**2 + 15*y - 14*y - 5 - y**3 + 4*y. Let c be o(11). Let s = c + -115. What are the prime factors of s?
2, 7
Let r be (1 - -1)/(0 + 2). Let o(q) = q. Let n(d) = -43*d**2 - 4*d + 1. Let l(f) = -n(f) - 3*o(f). What are the prime factors of l(r)?
43
Suppose 4*b = 2*b. Suppose b*l + 2*l = -10. Let o(a) = -3*a + 5. What are the prime factors of o(l)?
2, 5
Let w(c) = 